
Calculate the remainder when 164 is divided by 7.
3
Calculate the remainder when 9 is divided by 6.
3
Calculate the remainder when 101 is divided by 10.
1
Calculate the remainder when 419 is divided by 105.
104
Calculate the remainder when 5825 is divided by 33.
17
Calculate the remainder when 886 is divided by 178.
174
Calculate the remainder when 1996 is divided by 87.
82
Calculate the remainder when 3098 is divided by 129.
2
Calculate the remainder when 34114 is divided by 109.
106
Calculate the remainder when 197 is divided by 108.
89
Calculate the remainder when 56 is divided by 17.
5
What is the remainder when 28 is divided by 3?
1
What is the remainder when 9854 is divided by 895?
9
Calculate the remainder when 163 is divided by 34.
27
What is the remainder when 81 is divided by 23?
12
Calculate the remainder when 375 is divided by 75.
0
What is the remainder when 98 is divided by 36?
26
Calculate the remainder when 99 is divided by 27.
18
Calculate the remainder when 941 is divided by 135.
131
Calculate the remainder when 237 is divided by 17.
16
Calculate the remainder when 372 is divided by 99.
75
What is the remainder when 31 is divided by 21?
10
What is the remainder when 459 is divided by 33?
30
Calculate the remainder when 6780 is divided by 117.
111
Calculate the remainder when 94 is divided by 9.
4
Calculate the remainder when 4703 is divided by 30.
23
Calculate the remainder when 111 is divided by 56.
55
Calculate the remainder when 5885 is divided by 27.
26
Calculate the remainder when 70 is divided by 34.
2
What is the remainder when 3121 is divided by 136?
129
What is the remainder when 238 is divided by 63?
49
What is the remainder when 122 is divided by 53?
16
What is the remainder when 1764 is divided by 199?
172
Calculate the remainder when 66 is divided by 23.
20
What is the remainder when 78298 is divided by 290?
288
Calculate the remainder when 2565 is divided by 7.
3
Calculate the remainder when 392 is divided by 45.
32
What is the remainder when 79 is divided by 16?
15
Calculate the remainder when 257 is divided by 57.
29
Calculate the remainder when 195 is divided by 52.
39
What is the remainder when 297 is divided by 233?
64
Calculate the remainder when 2943 is divided by 32.
31
What is the remainder when 198 is divided by 40?
38
Calculate the remainder when 16 is divided by 14.
2
Calculate the remainder when 593 is divided by 201.
191
Calculate the remainder when 174 is divided by 35.
34
What is the remainder when 218 is divided by 151?
67
What is the remainder when 795 is divided by 58?
41
Calculate the remainder when 200 is divided by 94.
12
What is the remainder when 109 is divided by 10?
9
Calculate the remainder when 303 is divided by 47.
21
Calculate the remainder when 78 is divided by 26.
0
Calculate the remainder when 939 is divided by 41.
37
Calculate the remainder when 166 is divided by 81.
4
What is the remainder when 1216 is divided by 203?
201
Calculate the remainder when 2646 is divided by 441.
0
What is the remainder when 2596 is divided by 2587?
9
What is the remainder when 214 is divided by 27?
25
Calculate the remainder when 59 is divided by 19.
2
What is the remainder when 1223 is divided by 342?
197
What is the remainder when 685 is divided by 13?
9
What is the remainder when 234 is divided by 78?
0
Calculate the remainder when 3463 is divided by 11.
9
What is the remainder when 84 is divided by 43?
41
Calculate the remainder when 159 is divided by 20.
19
What is the remainder when 220 is divided by 16?
12
Calculate the remainder when 2575 is divided by 27.
10
Calculate the remainder when 6805 is divided by 28.
1
Calculate the remainder when 3340 is divided by 186.
178
Calculate the remainder when 70774 is divided by 72.
70
Calculate the remainder when 10446 is divided by 55.
51
What is the remainder when 8320 is divided by 29?
26
What is the remainder when 29845 is divided by 182?
179
Calculate the remainder when 95 is divided by 55.
40
What is the remainder when 1203 is divided by 101?
92
Calculate the remainder when 65 is divided by 22.
21
Calculate the remainder when 802 is divided by 39.
22
What is the remainder when 23494 is divided by 22?
20
What is the remainder when 220 is divided by 28?
24
Calculate the remainder when 925 is divided by 341.
243
What is the remainder when 123 is divided by 37?
12
What is the remainder when 2076 is divided by 38?
24
What is the remainder when 3077 is divided by 1535?
7
Calculate the remainder when 527 is divided by 135.
122
Calculate the remainder when 80 is divided by 65.
15
Calculate the remainder when 1444 is divided by 5.
4
Calculate the remainder when 309 is divided by 77.
1
Calculate the remainder when 477 is divided by 8.
5
Calculate the remainder when 4823 is divided by 12.
11
Calculate the remainder when 491 is divided by 28.
15
What is the remainder when 775 is divided by 109?
12
Calculate the remainder when 57 is divided by 17.
6
What is the remainder when 64 is divided by 22?
20
What is the remainder when 374 is divided by 176?
22
Calculate the remainder when 262 is divided by 105.
52
What is the remainder when 98 is divided by 15?
8
What is the remainder when 88 is divided by 10?
8
What is the remainder when 137 is divided by 33?
5
What is the remainder when 474 is divided by 89?
29
Calculate the remainder when 958 is divided by 64.
62
What is the remainder when 283 is divided by 37?
24
Calculate the remainder when 554 is divided by 72.
50
Calculate the remainder when 60 is divided by 38.
22
What is the remainder when 456 is divided by 66?
60
What is the remainder when 25 is divided by 14?
11
What is the remainder when 15 is divided by 2?
1
What is the remainder when 1329 is divided by 14?
13
What is the remainder when 69 is divided by 9?
6
Calculate the remainder when 2025 is divided by 331.
39
What is the remainder when 713 is divided by 51?
50
Calculate the remainder when 58 is divided by 12.
10
Calculate the remainder when 401 is divided by 40.
1
Calculate the remainder when 87231 is divided by 21.
18
What is the remainder when 1443 is divided by 3?
0
Calculate the remainder when 136 is divided by 28.
24
What is the remainder when 176 is divided by 46?
38
What is the remainder when 488 is divided by 162?
2
What is the remainder when 881 is divided by 18?
17
What is the remainder when 278 is divided by 57?
50
Calculate the remainder when 194 is divided by 51.
41
Calculate the remainder when 852 is divided by 19.
16
What is the remainder when 211 is divided by 24?
19
Calculate the remainder when 9 is divided by 3.
0
Calculate the remainder when 69 is divided by 18.
15
What is the remainder when 637 is divided by 33?
10
What is the remainder when 514 is divided by 160?
34
Calculate the remainder when 46 is divided by 25.
21
Calculate the remainder when 4128 is divided by 343.
12
What is the remainder when 1588 is divided by 37?
34
What is the remainder when 223 is divided by 69?
16
What is the remainder when 212 is divided by 36?
32
Calculate the remainder when 946 is divided by 25.
21
What is the remainder when 5914 is divided by 116?
114
Calculate the remainder when 102 is divided by 91.
11
What is the remainder when 475 is divided by 317?
158
What is the remainder when 28 is divided by 6?
4
What is the remainder when 5516 is divided by 20?
16
Calculate the remainder when 23 is divided by 23.
0
What is the remainder when 402 is divided by 13?
12
Calculate the remainder when 187 is divided by 54.
25
Calculate the remainder when 12777 is divided by 90.
87
Calculate the remainder when 1600 is divided by 7.
4
What is the remainder when 5881 is divided by 420?
1
Calculate the remainder when 48 is divided by 45.
3
What is the remainder when 567 is divided by 14?
7
What is the remainder when 2732 is divided by 33?
26
Calculate the remainder when 220 is divided by 56.
52
Calculate the remainder when 58 is divided by 35.
23
What is the remainder when 137 is divided by 100?
37
What is the remainder when 100 is divided by 8?
4
Calculate the remainder when 54 is divided by 20.
14
Calculate the remainder when 212 is divided by 43.
40
Calculate the remainder when 89 is divided by 14.
5
What is the remainder when 1439 is divided by 64?
31
Calcu